{"id":726,"date":"2025-11-10T14:29:20","date_gmt":"2025-11-10T14:29:20","guid":{"rendered":"https:\/\/wp.brondbyhavn.dk\/?page_id=726"},"modified":"2026-03-07T15:02:39","modified_gmt":"2026-03-07T15:02:39","slug":"autocampere","status":"publish","type":"page","link":"https:\/\/wp2.brondbyhavn.dk\/?page_id=726","title":{"rendered":"Autocampere"},"content":{"rendered":"\t\t<div data-elementor-type=\"wp-page\" data-elementor-id=\"726\" class=\"elementor elementor-726\">\n\t\t\t\t<div class=\"elementor-element elementor-element-64f021d e-flex e-con-boxed e-con e-parent\" data-id=\"64f021d\" data-element_type=\"container\">\n\t\t\t\t\t<div class=\"e-con-inner\">\n\t\t\t\t<div class=\"elementor-element elementor-element-a5f2ac7 elementor-widget elementor-widget-heading\" data-id=\"a5f2ac7\" data-element_type=\"widget\" data-widget_type=\"heading.default\">\n\t\t\t\t\t<h2 class=\"elementor-heading-title elementor-size-default\">Autocampere<\/h2>\t\t\t\t<\/div>\n\t\t\t\t\t<\/div>\n\t\t\t\t<\/div>\n\t\t<div class=\"elementor-element elementor-element-85ae67a e-con-full e-flex e-con e-parent\" data-id=\"85ae67a\" data-element_type=\"container\">\n\t\t<div class=\"elementor-element elementor-element-55443ea e-con-full e-flex e-con e-child\" data-id=\"55443ea\" data-element_type=\"container\">\n\t\t\t\t<div class=\"elementor-element elementor-element-776816d elementor-widget__width-initial elementor-widget elementor-widget-text-editor\" data-id=\"776816d\" data-element_type=\"widget\" data-widget_type=\"text-editor.default\">\n\t\t\t\t\t\t\t\t\t<h4>Velkommen med autocamper<\/h4><p>Br\u00f8ndby havn tilbyder gode faciliteter for vore k\u00f8rende g\u00e6ster.\u00a0<\/p><p>\u00a0<\/p>\t\t\t\t\t\t\t\t<\/div>\n\t\t\t\t<\/div>\n\t\t<div class=\"elementor-element elementor-element-30fd7fc e-con-full e-flex e-con e-child\" data-id=\"30fd7fc\" data-element_type=\"container\">\n\t\t\t\t<div class=\"elementor-element elementor-element-563d324 elementor-widget elementor-widget-image\" data-id=\"563d324\" data-element_type=\"widget\" data-widget_type=\"image.default\">\n\t\t\t\t\t\t\t\t\t\t\t\t\t\t\t<img decoding=\"async\" src=\"https:\/\/wp.brondbyhavn.dk\/wp-content\/uploads\/2023\/11\/autocamper.jpg\" title=\"\" alt=\"\" loading=\"lazy\" \/>\t\t\t\t\t\t\t\t\t\t\t\t\t\t\t<\/div>\n\t\t\t\t<\/div>\n\t\t<div class=\"elementor-element elementor-element-359bdaa e-con-full e-flex e-con e-child\" data-id=\"359bdaa\" data-element_type=\"container\">\n\t\t\t\t<div class=\"elementor-element elementor-element-ccede76 elementor-widget__width-initial elementor-widget elementor-widget-text-editor\" data-id=\"ccede76\" data-element_type=\"widget\" data-widget_type=\"text-editor.default\">\n\t\t\t\t\t\t\t\t\t<h4>Betaling<\/h4><p>Umiddelbart efter ankomst skal\u00a0 der betales for ophold.<br \/>Der kan\u00a0 betales :<\/p><p>\u2013 p\u00e5 havnekontoret.<br \/>\u2013 i Havkatten (grilbaren) uden for kontorets \u00e5bningstid<\/p><p>Pris:\u00a0 ?? HVa&#8217; koster det\u00a0 ??<\/p><h4><span style=\"font-size: 1.53846rem; font-style: inherit;\">El og vand<\/span><\/h4><p>Ved elstandere findes vejledning til Tallyweb og adgang til el.<br \/>Vand er gratis<\/p>\t\t\t\t\t\t\t\t<\/div>\n\t\t\t\t<\/div>\n\t\t\t\t<\/div>\n\t\t<div class=\"elementor-element elementor-element-5a23e05 e-flex e-con-boxed e-con e-parent\" data-id=\"5a23e05\" data-element_type=\"container\">\n\t\t\t\t\t<div class=\"e-con-inner\">\n\t\t<div class=\"elementor-element elementor-element-50552c6a e-con-full e-flex e-con e-child\" data-id=\"50552c6a\" data-element_type=\"container\">\n\t\t\t\t<div class=\"elementor-element elementor-element-66617be1 elementor-widget elementor-widget-image\" data-id=\"66617be1\" data-element_type=\"widget\" data-widget_type=\"image.default\">\n\t\t\t\t\t\t\t\t\t\t\t\t\t\t\t<img decoding=\"async\" src=\"https:\/\/wp.brondbyhavn.dk\/wp-content\/uploads\/2025\/11\/omraade-for-autcamp.png\" title=\"\" alt=\"\" loading=\"lazy\" \/>\t\t\t\t\t\t\t\t\t\t\t\t\t\t\t<\/div>\n\t\t\t\t<\/div>\n\t\t<div class=\"elementor-element elementor-element-47b2a695 e-con-full e-flex e-con e-child\" data-id=\"47b2a695\" data-element_type=\"container\">\n\t\t\t\t<div class=\"elementor-element elementor-element-33ffce7 elementor-widget elementor-widget-text-editor\" data-id=\"33ffce7\" data-element_type=\"widget\" data-widget_type=\"text-editor.default\">\n\t\t\t\t\t\t\t\t\t<h4>Omr\u00e5de for autocmpere<\/h4><p>\u00a0<\/p><p>I perioden 1.april &#8211; 30 september, hvor b\u00e5dene er i vandet reserveres et s\u00e6rligt autocamper-omr\u00e5de.<\/p><p>Dette giver fine mulighed for at nyde tiden ved vandet sammen med ligesindede.<\/p><p>\u00a0<\/p>\t\t\t\t\t\t\t\t<\/div>\n\t\t\t\t<\/div>\n\t\t\t\t\t<\/div>\n\t\t\t\t<\/div>\n\t\t\t\t<\/div>\n\t\t","protected":false},"excerpt":{"rendered":"<p>Autocampere Velkommen med autocamper Br\u00f8ndby havn tilbyder gode faciliteter for vore k\u00f8rende g\u00e6ster.\u00a0 \u00a0 Betaling Umiddelbart efter ankomst skal\u00a0 der [&hellip;]<\/p>\n","protected":false},"author":2,"featured_media":0,"parent":0,"menu_order":0,"comment_status":"closed","ping_status":"closed","template":"","meta":{"site-sidebar-layout":"no-sidebar","site-content-layout":"","ast-site-content-layout":"full-width-container","site-content-style":"default","site-sidebar-style":"default","ast-global-header-display":"","ast-banner-title-visibility":"","ast-main-header-display":"","ast-hfb-above-header-display":"","ast-hfb-below-header-display":"","ast-hfb-mobile-header-display":"","site-post-title":"","ast-breadcrumbs-content":"","ast-featured-img":"disabled","footer-sml-layout":"","ast-disable-related-posts":"","theme-transparent-header-meta":"","adv-header-id-meta":"","stick-header-meta":"","header-above-stick-meta":"","header-main-stick-meta":"","header-below-stick-meta":"","astra-migrate-meta-layouts":"default","ast-page-background-enabled":"default","ast-page-background-meta":{"desktop":{"background-color":"var(--ast-global-color-5)","background-image":"","background-repeat":"repeat","background-position":"center center","background-size":"auto","background-attachment":"scroll","background-type":"","background-media":"","overlay-type":"","overlay-color":"","overlay-opacity":"","overlay-gradient":""},"tablet":{"background-color":"","background-image":"","background-repeat":"repeat","background-position":"center center","background-size":"auto","background-attachment":"scroll","background-type":"","background-media":"","overlay-type":"","overlay-color":"","overlay-opacity":"","overlay-gradient":""},"mobile":{"background-color":"","background-image":"","background-repeat":"repeat","background-position":"center center","background-size":"auto","background-attachment":"scroll","background-type":"","background-media":"","overlay-type":"","overlay-color":"","overlay-opacity":"","overlay-gradient":""}},"ast-content-background-meta":{"desktop":{"background-color":"var(--ast-global-color-4)","background-image":"","background-repeat":"repeat","background-position":"center center","background-size":"auto","background-attachment":"scroll","background-type":"","background-media":"","overlay-type":"","overlay-color":"","overlay-opacity":"","overlay-gradient":""},"tablet":{"background-color":"var(--ast-global-color-4)","background-image":"","background-repeat":"repeat","background-position":"center center","background-size":"auto","background-attachment":"scroll","background-type":"","background-media":"","overlay-type":"","overlay-color":"","overlay-opacity":"","overlay-gradient":""},"mobile":{"background-color":"var(--ast-global-color-4)","background-image":"","background-repeat":"repeat","background-position":"center center","background-size":"auto","background-attachment":"scroll","background-type":"","background-media":"","overlay-type":"","overlay-color":"","overlay-opacity":"","overlay-gradient":""}},"footnotes":""},"class_list":["post-726","page","type-page","status-publish","hentry"],"_links":{"self":[{"href":"https:\/\/wp2.brondbyhavn.dk\/index.php?rest_route=\/wp\/v2\/pages\/726","targetHints":{"allow":["GET"]}}],"collection":[{"href":"https:\/\/wp2.brondbyhavn.dk\/index.php?rest_route=\/wp\/v2\/pages"}],"about":[{"href":"https:\/\/wp2.brondbyhavn.dk\/index.php?rest_route=\/wp\/v2\/types\/page"}],"author":[{"embeddable":true,"href":"https:\/\/wp2.brondbyhavn.dk\/index.php?rest_route=\/wp\/v2\/users\/2"}],"replies":[{"embeddable":true,"href":"https:\/\/wp2.brondbyhavn.dk\/index.php?rest_route=%2Fwp%2Fv2%2Fcomments&post=726"}],"version-history":[{"count":6,"href":"https:\/\/wp2.brondbyhavn.dk\/index.php?rest_route=\/wp\/v2\/pages\/726\/revisions"}],"predecessor-version":[{"id":952,"href":"https:\/\/wp2.brondbyhavn.dk\/index.php?rest_route=\/wp\/v2\/pages\/726\/revisions\/952"}],"wp:attachment":[{"href":"https:\/\/wp2.brondbyhavn.dk\/index.php?rest_route=%2Fwp%2Fv2%2Fmedia&parent=726"}],"curies":[{"name":"wp","href":"https:\/\/api.w.org\/{rel}","templated":true}]}}